{"id":25,"date":"2017-08-03T16:03:23","date_gmt":"2017-08-03T16:03:23","guid":{"rendered":"https:\/\/fervia.net\/area-privada\/login\/"},"modified":"2017-09-06T07:54:40","modified_gmt":"2017-09-06T07:54:40","slug":"login","status":"publish","type":"page","link":"https:\/\/fervia.net\/area-privada\/login\/","title":{"rendered":"Entra"},"content":{"rendered":"<h4 style=\"text-align: center;\">Hola! Has arribat a un contingut que est\u00e0 disponible nom\u00e9s per a estudiants de <span style=\"color: #1abc9c;\">Fer Via<\/span>. Haur\u00e0s d&#8217;iniciar sessi\u00f3 amb el teu usuari i contrasenya o <a href=\"https:\/\/fervia.net\/area-privada\/registration\/\">registrar-te<\/a>.<\/h4>\n<p>&nbsp;<\/p>\n<h4 style=\"text-align: center;\">T&#8217;esperem!<\/h4>\n<p>&nbsp;<\/p>\n<p style=\"text-align: center;\"><div class=\"piereg_container\"><div class=\"piereg_login_container pieregWrapper\"><div class=\"piereg_login_wrapper\">\r\n\t\t<form method=\"post\" id=\"piereg_login_form\" class=\"piereg_loginform\" name=\"loginform\" action=\"\/area-privada\/wp-json\/wp\/v2\/pages\/25\"><ul id=\"pie_register\"><li class=\"fields\"><div class=\"fieldset\"><label for=\"user_login\">Usuari<\/label><input placeholder=\"\" type=\"text\" value=\"\" class=\"input input_fields piereg_validate[required]\" id=\"user_login\" name=\"log\"><\/div><\/li><li class=\"fields\"><div class=\"fieldset\"><div class=\"password_field\"><label for=\"user_pass\">Contrasenya<\/label><input placeholder=\"\" type=\"password\" value=\"\" class=\"input input_fields piereg_validate[required]\" id=\"user_pass\" name=\"pwd\"><span class=\"show-hide-password-innerbtn pass-eye-login eye\"><\/span><\/div><\/div><\/li><li class=\"fields\"><div class=\"fieldset\"><\/div><\/li><\/ul><p class=\"forgetmenot\"><input type=\"checkbox\" value=\"forever\" id=\"rememberme\" name=\"rememberme\"><label for=\"rememberme\">Remember Me<\/label><\/p><input type=\"hidden\" id=\"piereg_login_form_nonce\" name=\"piereg_login_form_nonce\" value=\"a35f7b1533\" \/><input type=\"hidden\" name=\"_wp_http_referer\" value=\"\/area-privada\/wp-json\/wp\/v2\/pages\/25\" \/><p class=\"submit\"><input type=\"submit\" value=\"Log In\" class=\"button button-primary button-large\" id=\"wp-login-submit\" name=\"wp-submit\"><input type=\"hidden\" value=\"https:\/\/fervia.net\/area-privada\/wp-admin\/\" name=\"redirect_to\"><input type=\"hidden\" value=\"1\" name=\"testcookie\"><\/p><p id=\"nav\"><a href=\"https:\/\/fervia.net\/area-privada\/registration\/\">Register<\/a><a style=\"cursor:default;text-decoration:none;\" href=\"javascript:;\"> | <\/a><a title=\"Reset your password\" href=\"https:\/\/fervia.net\/area-privada\/forgot-password\/\">Lost your password?<\/a><\/p>\r\n\t\t<\/form><\/div>\r\n<\/div><\/div>\n","protected":false},"excerpt":{"rendered":"<p>Hola! Has arribat a un contingut que est\u00e0 disponible nom\u00e9s per a estudiants de Fer Via. Haur\u00e0s d&#8217;iniciar sessi\u00f3 amb el teu usuari i contrasenya o registrar-te. &nbsp; T&#8217;esperem! &nbsp;<\/p>\n","protected":false},"author":1,"featured_media":0,"parent":0,"menu_order":0,"comment_status":"closed","ping_status":"closed","template":"","meta":{"footnotes":""},"class_list":["post-25","page","type-page","status-publish","hentry"],"_links":{"self":[{"href":"https:\/\/fervia.net\/area-privada\/wp-json\/wp\/v2\/pages\/25","targetHints":{"allow":["GET"]}}],"collection":[{"href":"https:\/\/fervia.net\/area-privada\/wp-json\/wp\/v2\/pages"}],"about":[{"href":"https:\/\/fervia.net\/area-privada\/wp-json\/wp\/v2\/types\/page"}],"author":[{"embeddable":true,"href":"https:\/\/fervia.net\/area-privada\/wp-json\/wp\/v2\/users\/1"}],"replies":[{"embeddable":true,"href":"https:\/\/fervia.net\/area-privada\/wp-json\/wp\/v2\/comments?post=25"}],"version-history":[{"count":8,"href":"https:\/\/fervia.net\/area-privada\/wp-json\/wp\/v2\/pages\/25\/revisions"}],"predecessor-version":[{"id":216,"href":"https:\/\/fervia.net\/area-privada\/wp-json\/wp\/v2\/pages\/25\/revisions\/216"}],"wp:attachment":[{"href":"https:\/\/fervia.net\/area-privada\/wp-json\/wp\/v2\/media?parent=25"}],"curies":[{"name":"wp","href":"https:\/\/api.w.org\/{rel}","templated":true}]}}